{"id":223,"date":"2016-03-28T19:41:05","date_gmt":"2016-03-28T18:41:05","guid":{"rendered":"http:\/\/www.mihaivasile.com\/ro\/?page_id=223"},"modified":"2016-04-03T07:45:31","modified_gmt":"2016-04-03T06:45:31","slug":"cornel-nistorescu-fotografii-stupide-un-punct-de-plecare","status":"publish","type":"page","link":"https:\/\/www.mihaivasile.com\/ro\/cornel-nistorescu-fotografii-stupide-un-punct-de-plecare\/","title":{"rendered":"Fotografii stupide &#45; Un punct de plecare"},"content":{"rendered":"<div id=\"coperta-evz\"><img decoding=\"async\" src=\"https:\/\/www.mihaivasile.com\/ro\/img\/coperta-evz-foto-2011.jpg\" alt=\"Coperta &quot;Evenimentul Zilei&quot; Foto - 2011\"><\/div>\n<div class=\"aliniere-text\">\n\u00cen primele luni ale lui 1997, &#34;Evenimentul zilei&#34; se tip\u0103rea pe plumb. Fotografiile erau doar alb-negru. \u00cen afar\u0103 de bustul unor personalit\u0103\u0163i nu ap\u0103rea nimic, pentru c\u0103 tipografia nu putea reproduce. Zincurile ie\u015feau \u00eenecate \u00een cerneal\u0103 \u015fi mai toate personajele ar\u0103tau ca ni\u015fte urm\u0103ri\u0163i de poli\u0163ie. Atunci am f\u0103cut gre\u015feal\u0103 s\u0103 le cer fotoreporterilor o suit\u0103 de fotografii despre Bucure\u015fti \u00een a\u015fteptarea lui Jacques Chirac. Am primit c\u00e2teva. A fost prima dat\u0103 c\u00e2nd am sc\u0103pat c\u00e2teva lacrimi. Erau dovad\u0103 indiscutabil\u0103 a nivelului de laba g\u00e2\u015ftii din arta fotografic\u0103 a ziarului. A dou\u0103 zi am renun\u0163at le servicile majorit\u0103\u0163ii fotoreporterilor din redac\u0163ie. <\/p>\n<p>A\u015fa a \u00eenceput reconstruc\u0163ia noii echipe. La pu\u0163in timp dup\u0103 venirea lui Mihai Vasile n-au mai r\u0103mas dec\u00e2t pere\u0163ii laboratorului foto \u015fi c\u00e2teva aparate demodate \u015fi dogite. Cei mai mul\u0163i dintre arti\u015ftii tineri au refuzat. Nu voiau s\u0103 vin\u0103 pentru c\u0103 ziarul nu cultivase imaginea \u015fi nu avea niciun cult pentru ea. Nu aveam scule. Nu aveam bani. Nu exista un respect pentru imagine. Tot ce dep\u0103\u015fea nivelul unui timbru era socotit ca spa\u0163iu tipografic pierdut. <\/p>\n<p>Reconstruc\u0163ia imaginii \u015fi a echipei de fotoreporteri de la &#34;Evenimentul zilei&#34; a durat aproape patru ani. A \u00eenceput cu Mihai Vasile. Au mai venit \u015fi au plecat oameni. Cu timpul au venit \u015fi Daniel Mih\u0103ilescu, Radu Vioreanu, Andrei Cioc\u00e2rlan, apoi Petru\u0163 C\u0103linescu \u015fi Marius Neme\u015f. \u015ei ce p\u0103rea imposibil a \u00eenceput s\u0103 dea roade. C\u00e2te o fotografie de mare impact, c\u00e2te un fotoreportaj care paria \u015fi cu arta, c\u00e2te un subiect care a f\u0103cut ocolul presei. Au ap\u0103rut primele premii. Fotografia lunii, premii la concursuri, exclusivit\u0103\u0163i din zonele de conflict, plonjeuri \u00een lumi rom\u00e2ne\u015fti pe care nu le v\u0103zuse nimeni, portrete politice \u015foc, fotografii metafor\u0103 \u015fi fotografii document. <\/p>\n<p>La a dou\u0103 edi\u0163ie a Salonului &#34;Fotomedia 2002&#34;, echipa de la &#34;Evenimentul zilei&#34; a dominat autoritar. Daniel Mih\u0103ilescu a fost declarat &#34;Fotograful anului&#34;, iar alte dou\u0103 premii au revenit lui Marius Neme\u015f \u015fi Petru\u0163 C\u0103linescu. Era semnul distinct de confirmare pentru o echip\u0103 f\u0103r\u0103 egal. Poate c\u0103 succesul ei \u00eenseamn\u0103 \u015fi relansarea fotografiei publicat\u0103 \u00een ziare, at\u00e2ta vreme ignorat\u0103 sau chinuit\u0103 de subiect, dimensiune \u015fi perspectiv\u0103 artistic\u0103. <\/p>\n<p>Nu \u015ftiu c\u00e2te ziare sunt \u00een situa\u0163ia de a z\u0103bovi multe ore p\u00e2n\u0103 s\u0103 aleag\u0103 \u00eentre dou\u0103 fotografii excelente. Nu \u015ftiu c\u00e2te redac\u0163ii fac eforturi pentru a \u0163ine \u00een fr\u00e2u fotoreporteri fascina\u0163i de zone de r\u0103zboi, de conflicte sau de alte locuri periculoase. Nu \u015ftiu c\u00e2te redac\u0163ii se bucur\u0103 de o competi\u0163ie at\u00e2t de nebun\u0103 cum este cea din s\u00e2nul echipei &#34;Evenimentul zilei&#34;. \u015ei, \u00een acela\u015fi timp, de un grup de prieteni at\u00e2t de genero\u015fi. E semnul distinct al rena\u015fterii imaginii de ziar \u015fi semnalul ce anun\u0163\u0103 na\u015fterea unei genera\u0163ii de arti\u015fti ai teleobiectivului.<\/p><\/div>\n<p><em>Cornel NISTORESCU<\/em><\/p>\n<p>Anul publica\u0163iei : 2001.<\/p>\n","protected":false},"excerpt":{"rendered":"<p>\u00cen primele luni ale lui 1997, &#34;Evenimentul zilei&#34; se tip\u0103rea pe plumb. Fotografiile erau doar alb-negru. \u00cen afar\u0103 de bustul unor personalit\u0103\u0163i nu ap\u0103rea nimic, pentru c\u0103 tipografia nu putea reproduce. Zincurile ie\u015feau \u00eenecate \u00een cerneal\u0103 \u015fi mai toate personajele ar\u0103tau ca ni\u015fte urm\u0103ri\u0163i de poli\u0163ie. Atunci am f\u0103cut gre\u015feal\u0103 s\u0103 le cer fotoreporterilor o suit\u0103 de fotografii despre Bucure\u015fti \u00een a\u015fteptarea lui Jacques Chirac. Am primit c\u00e2teva. A fost prima dat\u0103 c\u00e2nd am sc\u0103pat c\u00e2teva lacrimi. Erau dovad\u0103 indiscutabil\u0103 [&hellip;]<\/p>\n","protected":false},"author":1,"featured_media":0,"parent":0,"menu_order":0,"comment_status":"closed","ping_status":"closed","template":"","meta":{"footnotes":""},"aioseo_notices":[],"_links":{"self":[{"href":"https:\/\/www.mihaivasile.com\/ro\/wp-json\/wp\/v2\/pages\/223"}],"collection":[{"href":"https:\/\/www.mihaivasile.com\/ro\/wp-json\/wp\/v2\/pages"}],"about":[{"href":"https:\/\/www.mihaivasile.com\/ro\/wp-json\/wp\/v2\/types\/page"}],"author":[{"embeddable":true,"href":"https:\/\/www.mihaivasile.com\/ro\/wp-json\/wp\/v2\/users\/1"}],"replies":[{"embeddable":true,"href":"https:\/\/www.mihaivasile.com\/ro\/wp-json\/wp\/v2\/comments?post=223"}],"version-history":[{"count":28,"href":"https:\/\/www.mihaivasile.com\/ro\/wp-json\/wp\/v2\/pages\/223\/revisions"}],"predecessor-version":[{"id":476,"href":"https:\/\/www.mihaivasile.com\/ro\/wp-json\/wp\/v2\/pages\/223\/revisions\/476"}],"wp:attachment":[{"href":"https:\/\/www.mihaivasile.com\/ro\/wp-json\/wp\/v2\/media?parent=223"}],"curies":[{"name":"wp","href":"https:\/\/api.w.org\/{rel}","templated":true}]}}

<div id="coperta-evz"><img decoding="async" src="https://www.mihaivasile.com/ro/img/coperta-evz-foto-2011.jpg" alt="Coperta &quot;Evenimentul Zilei&quot; Foto - 2011"></div>
<div class="aliniere-text">
În primele luni ale lui 1997, &#34;Evenimentul zilei&#34; se tipărea pe plumb. Fotografiile erau doar alb-negru. În afară de bustul unor personalităţi nu apărea nimic, pentru că tipografia nu putea reproduce. Zincurile ieşeau înecate în cerneală şi mai toate personajele arătau ca nişte urmăriţi de poliţie. Atunci am făcut greşeală să le cer fotoreporterilor o suită de fotografii despre Bucureşti în aşteptarea lui Jacques Chirac. Am primit câteva. A fost prima dată când am scăpat câteva lacrimi. Erau dovadă indiscutabilă a nivelului de laba gâştii din arta fotografică a ziarului. A două zi am renunţat le servicile majorităţii fotoreporterilor din redacţie. </p>
<p>Aşa a început reconstrucţia noii echipe. La puţin timp după venirea lui Mihai Vasile n-au mai rămas decât pereţii laboratorului foto şi câteva aparate demodate şi dogite. Cei mai mulţi dintre artiştii tineri au refuzat. Nu voiau să vină pentru că ziarul nu cultivase imaginea şi nu avea niciun cult pentru ea. Nu aveam scule. Nu aveam bani. Nu exista un respect pentru imagine. Tot ce depăşea nivelul unui timbru era socotit ca spaţiu tipografic pierdut. </p>
<p>Reconstrucţia imaginii şi a echipei de fotoreporteri de la &#34;Evenimentul zilei&#34; a durat aproape patru ani. A început cu Mihai Vasile. Au mai venit şi au plecat oameni. Cu timpul au venit şi Daniel Mihăilescu, Radu Vioreanu, Andrei Ciocârlan, apoi Petruţ Călinescu şi Marius Nemeş. Şi ce părea imposibil a început să dea roade. Câte o fotografie de mare impact, câte un fotoreportaj care paria şi cu arta, câte un subiect care a făcut ocolul presei. Au apărut primele premii. Fotografia lunii, premii la concursuri, exclusivităţi din zonele de conflict, plonjeuri în lumi româneşti pe care nu le văzuse nimeni, portrete politice şoc, fotografii metaforă şi fotografii document. </p>
<p>La a două ediţie a Salonului &#34;Fotomedia 2002&#34;, echipa de la &#34;Evenimentul zilei&#34; a dominat autoritar. Daniel Mihăilescu a fost declarat &#34;Fotograful anului&#34;, iar alte două premii au revenit lui Marius Nemeş şi Petruţ Călinescu. Era semnul distinct de confirmare pentru o echipă fără egal. Poate că succesul ei înseamnă şi relansarea fotografiei publicată în ziare, atâta vreme ignorată sau chinuită de subiect, dimensiune şi perspectivă artistică. </p>
<p>Nu ştiu câte ziare sunt în situaţia de a zăbovi multe ore până să aleagă între două fotografii excelente. Nu ştiu câte redacţii fac eforturi pentru a ţine în frâu fotoreporteri fascinaţi de zone de război, de conflicte sau de alte locuri periculoase. Nu ştiu câte redacţii se bucură de o competiţie atât de nebună cum este cea din sânul echipei &#34;Evenimentul zilei&#34;. Şi, în acelaşi timp, de un grup de prieteni atât de generoşi. E semnul distinct al renaşterii imaginii de ziar şi semnalul ce anunţă naşterea unei generaţii de artişti ai teleobiectivului.</p></div>
<p><em>Cornel NISTORESCU</em></p>
<p>Anul publicaţiei : 2001.</p>

<p>În primele luni ale lui 1997, &#34;Evenimentul zilei&#34; se tipărea pe plumb. Fotografiile erau doar alb-negru. În afară de bustul unor personalităţi nu apărea nimic, pentru că tipografia nu putea reproduce. Zincurile ieşeau înecate în cerneală şi mai toate personajele arătau ca nişte urmăriţi de poliţie. Atunci am făcut greşeală să le cer fotoreporterilor o suită de fotografii despre Bucureşti în aşteptarea lui Jacques Chirac. Am primit câteva. A fost prima dată când am scăpat câteva lacrimi. Erau dovadă indiscutabilă [&hellip;]</p>
